etermine z(-28).
-5
Let b(v) = 188*v - 171. Determine b(-3).
-735
Let g(q) = 4*q**3 - 68*q**2 + 46*q - 842. Determine g(17).
-60
Let g(j) = 18*j**3 + j**2 + 53*j - 351. Determine g(0).
-351
Let o(b) = 6995*b + 216835. Calculate o(-31).
-10
Let i(l) = -29*l**2 + 2333*l + 4655. What is i(-2)?
-127
Let g(u) = 7*u - 688. Calculate g(-56).
-1080
Let z(n) = 5*n**2 - 1792*n + 11565. What is z(352)?
301
Let h(q) = -1352*q - 2539. Give h(-2).
165
Let a(z) = -337*z - 25468. Determine a(-70).
-1878
Let q(a) = a**3 - 14*a**2 - 572*a + 299. What is q(-17)?
1064
Let i(c) = c**3 - 251*c**2 + 12677*c - 1237. Determine i(181).
30
Let b(v) = -v**3 - 211*v**2 + 605*v - 7918. Calculate b(-214).
0
Let i(z) = 3*z**2 - 170*z - 5288. Give i(-22).
-96
Let o(b) = -7*b**3 + 62*b**2 + 20*b - 43. Determine o(8).
501
Let t(y) = 5*y**2 + 1075*y + 8693. Give t(-8).
413
Let m(o) = 2901*o + 673212. Calculate m(-232).
180
Let z(x) = 2*x**2 - 2304*x + 4602. What is z(2)?
2
Let h(y) = 35874*y - 358746. Calculate h(10).
-6
Let a(g) = -24503*g - 3111876. Calculate a(-127).
5
Let o(y) = 2167*y - 10839. Calculate o(5).
-4
Let d(l) = 501*l**2 - 2508*l + 3. Give d(5).
-12
Let q(k) = 774*k + 56295. What is q(-73)?
-207
Let o(k) = 96557*k - 75. Calculate o(0).
-75
Let q(m) = 19651*m - 58932. Give q(3).
21
Let b(a) = 2*a**3 - 63*a**2 - 944*a + 26. Calculate b(-12).
-1174
Let m(q) = 9519*q + 390260. Calculate m(-41).
-19
Let c(f) = f**2 - 29*f - 1211. Calculate c(-22).
-89
Let s(h) = h**3 - 35*h**2 - 718*h + 24593. Determine s(36).
41
Let i(l) = -4342*l - 4077155. Determine i(-939).
-17
Let x(d) = -5520*d + 546435. Give x(99).
-45
Let w(g) = g**2 + 1619*g + 63204. Give w(-40).
44
Let d(i) = 9*i**3 + 2475*i**2 - 2490*i - 1634. Calculate d(-276).
22
Let z(x) = -8984*x - 89834. Calculate z(-10).
6
Let r(z) = 2*z**3 + 150*z**2 - 158*z - 376. Determine r(-76).
80
Let q(d) = -19*d**2 - 10450*d. Calculate q(-550).
0
Let r(l) = 3*l**3 + 89*l**2 + 213*l + 4485. Give r(-29).
-10
Let q(l) = -l**3 + 17*l**2 + 1702*l - 7008. Determine q(4).
8
Let o(z) = 142641*z - 2139622. Give o(15).
-7
Let x(o) = -131*o - 5733. Calculate x(-50).
817
Let u(l) = -8497*l + 14733751. Give u(1734).
-47
Let j(s) = 1136*s - 158556. What is j(140)?
484
Let m(b) = 3*b**3 - 258*b**2 + 1527*b + 3. What is m(6)?
525
Let y(p) = 18*p**2 - 35371*p + 458726. Determine y(1952).
6
Let j(n) = -n**3 + 14*n**2 - 348*n + 2965. What is j(9)?
238
Let w(x) = 11333*x - 101770. Determine w(9).
227
Let x(v) = v**3 + 891*v**2 - 12722*v - 47051. Determine x(-905).
9
Let y(g) = -g**3 + 16*g**2 - 76*g + 8. Give y(5).
-97
Let o(c) = -331*c**2 - 1857*c - 56. Give o(-6).
-830
Let b(h) = -4*h**3 + 211*h**2 + 49*h + 488. Calculate b(53).
276
Let j(t) = 8177*t**2 - 65397*t - 152. Give j(8).
0
Let t(a) = 7071*a - 12604. Determine t(2).
1538
Let p(k) = 3375*k - 138390. Calculate p(41).
-15
Let k(w) = -184821*w + 38812403. What is k(210)?
-7
Let f(n) = 176*n - 18059. What is f(103)?
69
Let h(o) = o**3 + 32*o**2 + 291*o + 1469. Determine h(-22).
-93
Let g(h) = h**3 - 372*h**2 - 13376*h + 4472. What is g(405)?
17
Let c(t) = 48*t - 6431. Determine c(138).
193
Let g(t) = -1726*t - 108722. What is g(-63)?
16
Let y(a) = a**3 + 148*a**2 - 151*a + 294. Give y(-149).
592
Let y(o) = -o**3 + 39*o**2 - 2*o + 156. Give y(39).
78
Let p(y) = 43*y**3 - 29*y**2 - 110*y + 219. Calculate p(2).
227
Let s(a) = 329*a + 20375. What is s(-61)?
306
Let s(n) = 254*n + 1631. Calculate s(-15).
-2179
Let t(f) = -782*f + 2449. What is t(3)?
103
Let q(m) = -m**3 - 38*m**2 + 3988*m + 227. What is q(47)?
-102
Let n(j) = 4*j**2 + 3277*j + 592069. What is n(-269)?
0
Let w(r) = 8661*r**2 - 17336*r + 30. Determine w(2).
2
Let m(s) = s**3 + 16*s**2 - 854*s - 686. Determine m(-38).
-2
Let t(g) = -2*g**3 - 474*g**2 - 17294*g - 2697. Calculate t(-192).
-9
Let a(r) = -r**2 - 52*r + 1762. What is a(24)?
-62
Let c(o) = 2*o**3 - 3386*o**2 + 10171*o - 52384. Give c(1690).
6
Let v(t) = -2*t**2 + 3119*t - 121470. Determine v(40).
90
Let q(a) = 8865*a + 17710. What is q(-2)?
-20
Let w(x) = x**2 + 995*x - 22064. Give w(22).
310
Let c(z) = -6*z**2 + 197*z - 134. What is c(38)?
-1312
Let m(a) = 2*a**2 + 2151*a + 244196. Determine m(-129).
-1
Let c(o) = -272*o + 7748. What is c(43)?
-3948
Let z(u) = 130*u**3 - 775*u**2 - 89*u + 340. Give z(6).
-14
Let p(m) = m**3 + 46*m**2 - 35*m + 696. Determine p(-47).
132
Let h(a) = a**2 - 29*a - 8693. Determine h(106).
-531
Let y(l) = -84*l**2 - 64*l - 65. Calculate y(-1).
-85
Let f(j) = -13818*j - 1367986. Give f(-99).
-4
Let t(z) = -2*z**2 + 4260*z - 134283. Calculate t(32).
-11
Let y(b) = 44*b**3 - 441*b**2 + 25*b - 20. What is y(10)?
130
Let z(v) = 12*v**3 + 5*v**2 - 1875*v - 5686. Give z(-3).
-340
Let p(u) = 47*u**3 - 3476*u**2 - 216*u + 5037. Give p(74).
5
Let w(m) = 2*m**2 + 2547*m + 42701. Determine w(-17).
-20
Let h(x) = -56*x**3 - 388*x**2 + 54*x + 164. Calculate h(-7).
-18
Let k(c) = -8*c**3 - 1146*c**2 - 2534*c + 562. Calculate k(-141).
-2
Let i(z) = 66794*z + 1269083. Determine i(-19).
-3
Let n(h) = -13*h**2 + 356*h + 1079. Determine n(-3).
-106
Let a(i) = -23744*i - 165918. Give a(-7).
290
Let s(o) = 402*o**3 + 4809*o + 4808. Determine s(-1).
-403
Let n(v) = 1702*v + 59589. What is n(-35)?
19
Let n(v) = -v**3 + 13*v**2 - 20*v + 70. Calculate n(7).
224
Let h(y) = -2*y**3 + 8*y**2 + 178*y + 46. Calculate h(-8).
158
Let p(a) = 2*a**3 + 167*a**2 + 61*a - 293. Calculate p(-83).
1533
Let u(o) = 18*o**2 + 243*o + 1696. Give u(-7).
877
Let j(k) = -11273*k - 806. Give j(0).
-806
Let u(g) = -5755*g - 11656. What is u(-2)?
-146
Let a(z) = -2*z**3 + 54*z**2 - 87*z - 2785. What is a(22)?
141
Let g(h) = -3*h**3 - 1142*h**2 - 739*h + 7980. Determine g(-380).
0
Let c(p) = 69315*p + 277255. What is c(-4)?
-5
Let p(j) = -3*j**3 + 3*j**2 - 954*j - 4725. What is p(-5)?
495
Let m(y) = y**3 - 12*y**2 + 638*y - 5603. Calculate m(9).
-104
Let t(w) = -836*w + 28389. Calculate t(34).
-35
Let g(l) = l**3 + 10*l**2 - 199273*l - 2789034. Determine g(-14).
4
Let s(p) = p**3 - 42*p**2 - 527*p + 320. Calculate s(-12).
-1132
Let m(u) = -193*u**2 - 2*u + 234. Determine m(4).
-2862
Let m(v) = v**3 - 37*v**2 - 36*v + 478. Give m(38).
554
Let n(a) = a**3 - 65*a**2 + 62*a - 3151. Calculate n(64).
-3279
Let l(f) = 2946*f - 56608. Determine l(19).
-634
Let g(f) = -5*f**3 - 80*f**2 - 186*f - 647. What is g(-14)?
-3
Let o(h) = -269*h - 1783. What is o(-4)?
-707
Let t(w) = -w**3 - 409*w**2 - 4186*w + 76417. Give t(-398).
1
Let w(z) = -z**3 + 50*z**2 - 63*z + 745. Give w(49).
59
Let v(m) = -4*m**2 - 1732*m - 10256. Give v(-6).
-8
Let m(p) = -89*p**3 - 9*p**2 + 23*p - 106. Calculate m(3).
-2521
Let p(v) = -2*v**3 + 678*v**2 + 2044*v + 2731. Calculate p(342).
-5
Let c(p) = -3*p**3 - 630*p**2 + 346*p + 72627. Determine c(-210).
-33
Let k(a) = 286*a**2 - 3607*a + 11347. Give k(6).
1
Let z(s) = -56*s - 2905. Give z(-47).
-273
Let i(n) = 3*n**3 + 32*n**2 - 19*n - 612. Determine i(-9).
-36
Let p(g) = 95513*g + 33525067. Calculate p(-351).
4
Let l(g) = -g**2 + 113*g - 2237. Calculate l(91).
-235
Let p(g) = 50*g**2 - 407*g - 4. Determine p(8).
-60
Let n(p) = -83942*p - 671539. Calculate n(-8).
-3
Let v(f) = -18*f**2 - 215*f + 2910. What is v(-20)?
10
Let t(l) = l**3 + 9*l**2 + 671*l + 7354. Give t(-11).
-269
Let n(z) = 9655*z**2 - 48284*z + 59. What is n(5)?
14
Let s(j) = 569*j - 38647. Determine s(68).
45
Let b(w) = -9*w**3 - 2026*w**2 - 227*w - 262. What is b(-225)?
188
Let m(w) = -4243*w + 25596. Give m(6).
138
Let q(f) = -2*f**3 - 8*f**2 + 13*f + 348. What is q(5)?
-37
Let w(f) = 10997*f + 2529301. What is w(-230)?
-9
Let n(h) = -h**3 + 137*h**2 - 4456*h - 124. Determine n(53).
-336
Let t(y) = y**2 - 2309*y - 1926911. What is t(-651)?
49
Let p(s) = 49*s - 949. What is p(7)?
-606
Let j(b) = 119626*b - 717769. What is j(6)?
-13
Let q(r) = 4233*r + 21342. Determine q(-5).
177
Let j(p) = 5*p**2 - 3452*p - 123148. What is j(-34)?
0
Let r(x) = 10367*x - 393880. Give r(38).
66
Let v(n) = -n**2 - 22*n + 68. Determine v(-11).
189
Let t(q) = -5*q**3 + 35*q**2 - 7*q - 17. Calculate t(5).
198
Let f(j) = 2*j**3 - j**2 - 720*j + 1441. Calculate f(2).
13
Let h(j) = 2*j**2 - 189*j - 1396. Give h(99).
-505
Let c(v) = 48822*v - 1659845. Give c(34).
103
Let x(b) = -68*b - 13749. What is x(-202)?
-13
Let z(x) = -229959*x